-3*j**2 - 21*j + 12. Let q(d) = d**2 + 10*d - 6. Let n(c) = 2*f(c) + 5*q(c). Calculate n(6).
6
Let l(t) = t + 1. Let q(o) be the second derivative of o**3/3 + 4*o**2 - 4*o. Let c be q(-6). Determine l(c).
-3
Let x(m) = m**2 + 8*m + 1. Let w be (-4 - 42/(-9))*-3. Let r be (-34)/4 + (-3)/w. Determine x(r).
-6
Let i(z) be the second derivative of z**3/3 - z**2 - 18*z. Calculate i(-5).
-12
Let d(r) = r - 9. Let n be d(5). Let x(i) = 5*i - 2*i + 0*i + 3. Calculate x(n).
-9
Let j = 9 + -24. Let a be j/6*8/(-10). Let k(m) be the first derivative of -m**3/3 + m**2/2 + 2. Give k(a).
-2
Let o be (5/2 + -2)/((-1)/12). Let t(p) = -p**3 - 6*p**2 + 2*p + 1. Calculate t(o).
-11
Let b(c) = -7 - c + 2*c + 0. Let p(o) = o**3 + 8*o**2. Let m = -6 + -2. Let y be p(m). Determine b(y).
-7
Let g(n) be the second derivative of n**3/6 - 3*n**2 + 13*n. Give g(3).
-3
Let h(q) = -8*q**3 - 4*q**2 + 6*q + 4. Let f(b) = 7*b**3 + 5*b**2 - 7*b - 5. Let d(k) = 5*f(k) + 6*h(k). Determine d(1).
-12
Let y(z) = -z**2 - 6*z + 8. Let l be (-18 + 20)*(-4)/5*5. Determine y(l).
-8
Let p(a) = 3*a - 1. Suppose 7 = m - 1. Suppose 2*f + 4*d + m = 0, -4*d - 5 = f + 5. What is p(f)?
5
Let u(h) = -3*h + 11. Let r(a) = 5*a - 17. Let y(j) = 5*r(j) + 8*u(j). Calculate y(-6).
-3
Let a(i) = -i - i**2 - 3*i + 49 - 48. Let p be 2 - (3 - 2 - 2). Suppose r = -r + p*f - 7, 0 = -r + 4*f - 1. Determine a(r).
-4
Let z(g) = -5*g**2 - g**3 - 3*g - 8*g - 2 + 8*g. Give z(-4).
-6
Let y = 24 - 23. Let j(i) = 6*i - 3. Let p(w) = -1. Let x(d) = j(d) - 2*p(d). Give x(y).
5
Suppose -5*o = -17 - 53. Let z(y) = y - 14 + o. What is z(5)?
5
Suppose 0 = -3*x - 2*a, 3*a + 15 = 2*x + x. Let w(z) be the third derivative of 0*z - 1/30*z**5 + 0 - 4*z**x + 1/24*z**4 + 0*z**3. Give w(1).
-1
Let k(w) = 3*w + 23. Let b be k(-10). Let f(t) = -t**2 - 7*t - 4. Calculate f(b).
-4
Let o be 1/(-2) + (-9)/(-2). Let r(x) be the first derivative of x**3/3 - 5*x**2/2 + 6*x - 62. Calculate r(o).
2
Let b(h) = 3*h**3 - 2*h**2 + 1. Let f be b(1). Suppose -4*u + 3*l + 9 = 0, 5*u - 14 = 4*l - f. Let q be u*(-2)/4 + 2. Let v(w) = -w + 2. Determine v(q).
0
Let l(d) = 4*d. Let t be l(1). Let j(p) = p**2 - 3*p - 3. Calculate j(t).
1
Let l(c) = c**2 - 5*c + 6. Suppose -2*y - 18 = -4*o, 3*y + y + 1 = o. Determine l(o).
6
Let s(k) be the second derivative of k**3/3 + 3*k**2/2 + 2*k. Let a(m) = -3 + m**3 - 7 - 7*m**2 - 4*m - 3*m. Let u be a(8). Give s(u).
-1
Let v(k) = -3*k - 1. Let a(u) = -u + 1. Let r(z) = -5*a(z) + v(z). Give r(6).
6
Let d(i) be the first derivative of i**2/2 - 2*i - 1. Suppose -v = -6*v + 10. Let q be -1 + (v - 3 - 1). Give d(q).
-5
Let d(t) = -11*t. Let y(l) = -133*l. Let p(a) = -49*d(a) + 4*y(a). Suppose s - 3 = -2. Calculate p(s).
7
Suppose 14 = u + 2*m, -4*u = 2*m + 7 - 33. Let o(n) = -3*n. Determine o(u).
-12
Let l(g) = -g**2 - 5*g + 6. Let q(t) = t**2 + 2*t + 3. Let f be q(-2). Suppose -4*n = -4*u + 84, -2*u - f*u + 101 = -n. Suppose 4*j + u = -0*j. What is l(j)?
6
Let t(l) = -l - 2. Let a be (-2)/11 + 369/33. Let v = -6 + a. Let r = -5 + v. Calculate t(r).
-2
Let k(v) = v**3 + v**2 - v + 2. Let t be k(0). Suppose 2*u = -t*u - 20, -5*u - 50 = -5*c. Suppose -2*d = -d - c. Let m(r) = -2*r + 1. Determine m(d).
-9
Let c(i) = 1 - 12*i + 10*i + 6*i. Give c(3).
13
Let j(d) be the first derivative of -1/36*d**6 + 0*d - 1/24*d**4 + 0*d**2 - 1/120*d**5 - 3 + 4/3*d**3. Let h(o) be the third derivative of j(o). Give h(-1).
-10
Let o = -14 - -17. Let n(r) = 7*r**3 - 6*r**2 - 9*r - 3. Let w be (-28)/6 - 2/6. Let v(q) = -4*q**3 + 3*q**2 + 5*q + 2. Let t(x) = w*v(x) - 3*n(x). Give t(o).
5
Let y(l) be the first derivative of l**3 + l**2 + l + 1. Let c(x) = 0*x + 6 + 5*x - 2*x - x. Let n be c(-4). Calculate y(n).
9
Suppose 0 = a + 3*w - 4*w - 1, -5 = -w. Let g(s) = 4*s - 9 + a*s - 9*s. What is g(4)?
-5
Let f(l) = 3*l**2 + 10*l - 8. Let v(m) = m**2 + m - 1. Suppose 2 = h - 2. Let i(g) = h*v(g) - f(g). Determine i(4).
-4
Let i be (12/15)/(3/(-15)). Let b(v) = -3*v**2 + 8*v + 5. Let x(q) = -2*q**2 + 7*q + 4. Let s(c) = -3*b(c) + 4*x(c). Determine s(i).
1
Let q(v) = 0 + 6*v**2 + 2 - 2 + 6 + 7*v + v**3. Determine q(-4).
10
Let o(b) = 3*b - 3. Let h(z) = -z - 4. Let w be h(-7). Determine o(w).
6
Let v(x) be the third derivative of -x**4/24 + x**3/6 - 23*x**2. What is v(-6)?
7
Let c(a) = -7*a**2 - 6*a - 6. Let p(n) = 6*n**2 + 5*n + 5. Let g = 16 + -10. Let m(w) = g*p(w) + 5*c(w). Calculate m(2).
4
Let s be 24/(-10) - 4/(-10). Let u(w) be the third derivative of 0*w - 1/24*w**4 + 0 - 1/60*w**5 - 1/3*w**3 + 6*w**2. Calculate u(s).
-4
Let c be (3 + 114/(-42))/((-2)/(-14)). Let b(v) = -v**3 + 3*v**2 - 4*v + 3. Give b(c).
-1
Let v(u) = 3*u - 1. Let h be v(1). Let f = -3 - -4. Let c(r) = 1. Let p(o) = -3*o + 18. Let z(j) = f*p(j) - 15*c(j). Calculate z(h).
-3
Suppose 2 + 1 = -u + j, -u = -2*j + 6. Suppose -1 = -4*m + 7. Let v(f) = f + m - 2 + 4. Calculate v(u).
4
Suppose 4*z - 3 = 1. Let w be (-7 - 0) + 1 + z. Let s(p) = -p - 7. Let c(j) = j + 6. Let g(f) = -5*c(f) - 6*s(f). Determine g(w).
7
Let h(g) be the first derivative of -9 - 1/2*g**2 - 3*g. Determine h(-4).
1
Let o = 0 + 1. Let m(p) = -7*p**2 - 2*p + 2. Let x be m(o). Let y(g) = g**3 + 7*g**2 - 6. Determine y(x).
-6
Let n = 3 + -3. Let u be ((-18)/(-15))/(4/10). Let x(y) = -y**3 - y**u - y**2 - y - 3 + y**3. Calculate x(n).
-3
Suppose g = 2*g - 2. Suppose 4*c - 2*m - 3*m - 23 = 0, 2*m = -g*c + 16. Suppose c = -h + 2. Let j(a) = -a**3 - 6*a**2 - 5*a + 2. Determine j(h).
2
Let k(s) = -s - 2. Suppose i - 2*g = -0*i + 3, -3*g - 15 = 2*i. What is k(i)?
1
Let o(j) = j**2 - 2*j - 4. Let v(p) = -2*p - 4. Let n be v(-5). Let l be (-2)/(n/4 + -2). Determine o(l).
4
Let h be 0/3 + 2 + 0. Let p(n) = 8*n - h*n + 0*n. Calculate p(-2).
-12
Suppose 6*q - q = -20. Let r be ((-16)/(-20))/((-6)/(-15)). Let x(i) = -4*i**r + 4 + 3*i**2 + 0*i - 5*i + 3*i. Calculate x(q).
-4
Let i(l) = -l**3 + 2*l**2 + l. Suppose 5*j - 5*h = -3*h + 9, -9 = -3*h. Give i(j).
-6
Let d(m) = 2*m - 6. Let h be d(6). Let z(w) be the first derivative of -w**4/4 + 2*w**3 - 6*w + 20. What is z(h)?
-6
Suppose 0*c - 5*h = 5*c - 30, -5*c - 10 = -3*h. Let g(u) = 2 - c + 8*u + 1 + u**2. Calculate g(-3).
-13
Let k(x) = -13*x. Let i = -19 + 18. Calculate k(i).
13
Let n(y) be the third derivative of y**5/60 - y**4/24 - y**3/3 - 9*y**2. What is n(-2)?
4
Let g(z) = 2*z**2 - 17*z + 11. Let d(t) = -t**2 + 8*t - 5. Let j(x) = 5*d(x) + 2*g(x). Suppose -3*r - u + 16 = 0, 0 = 2*u - u - 4. Give j(r).
5
Suppose 3 + 29 = -4*u + 3*f, 3*f + 23 = -u. Let o(d) = d**3 + 11*d**2 - 2*d - 16. Let h be o(u). Let x(z) = z**2 - 7*z + 5. Determine x(h).
-1
Suppose -5*y + 9 + 1 = 0. Let m(s) = -4*s**2 - y*s + 3*s**2 - 3 + 4. Suppose 0*v + 28 = 3*i - 5*v, -3*i + 23 = -4*v. Determine m(i).
-2
Let w(t) = t - 6. Let h be w(6). Suppose h = 4*y - 5*s - 0*s - 9, 0 = 4*y + 5*s + 1. Let m be (0 - -1)*1*y. Let n(z) = -5*z**2 - 2*z + 1. Calculate n(m).
-6
Let c = 18 + -12. Let d(m) = -m**2 - 5*m + 9. Let u be d(-6). Let w(b) = -7*b - 4*b**3 - c*b**2 + 2*b**u - 5 + b**3. What is w(-5)?
5
Let z(h) = h**2 + 4*h - 3. Let l be z(-5). Let w(u) be the second derivative of -u**4/6 + u**3/6 + u**2 + u. Determine w(l).
-4
Let x be -1 - -2 - (-10)/(-2). Let t = x + 4. Let s = 4 + t. Let o(p) = p**3 - 4*p**2 - 2*p + 1. Give o(s).
-7
Let j(p) = -p**2 + p + 1. Let f(h) = h + 3. Let u be f(0). Determine j(u).
-5
Let l(k) = -3*k - 8. Let i(g) = -2*g - 7. Let h(v) = 4*i(v) - 3*l(v). Calculate h(6).
2
Let a(t) be the third derivative of t**7/1260 + t**5/120 + t**4/8 + 3*t**2. Let h(n) be the second derivative of a(n). What is h(1)?
3
Let t = -3 - -20. Suppose -t + 1 = -4*g. Let j(s) = -3 + 3 - 2 + g*s - 2*s. Give j(-2).
-6
Let j(v) be the third derivative of v**4/24 + 7*v**3/3 - 37*v**2. Calculate j(-7).
7
Let b(p) = -55*p + 1 - 13*p**2 + 55*p. What is b(-1)?
-12
Let u(q) = q**3 + q**2. Let o be u(2). Let c = o + -14. Let s(b) = b**3 + b**2 - 4*b - 3. Give s(c).
1
Let w(h) = h. Let v(d) = d - 8. Let s(o) = v(o) - 4*w(o). Suppose -98 + 140 = -7*u. What is s(u)?
10
Let d be (-4)/6*(-81)/(-18). Let f be (-1 - d) + -1 + -7. Let g(l) = 2*l + 7. Give g(f).
-5
Let m(j) = j**2 - 5*j - 9. Let z be (-9)/6*42/(-9). Calculate m(z).
5
Let m(b) be the third derivative of -b**5/60 + b**4/4 - 2*b**3/3 - 2*b**2. Suppos